{"id":235,"date":"2024-03-11T10:56:10","date_gmt":"2024-03-11T09:56:10","guid":{"rendered":"https:\/\/ecofisc.ch\/?page_id=235"},"modified":"2024-03-11T11:26:22","modified_gmt":"2024-03-11T10:26:22","slug":"informations-juridiques","status":"publish","type":"page","link":"https:\/\/ecofisc.ch\/index.php\/informations-juridiques\/","title":{"rendered":"Informations Juridiques"},"content":{"rendered":"<div class=\"flex_column av_one_full  flex_column_div av-zero-column-padding first  \" style='border-radius:0px; '><section class=\"av_textblock_section\"  itemscope=\"itemscope\" itemtype=\"https:\/\/schema.org\/CreativeWork\" ><div class='avia_textblock '   itemprop=\"text\" ><h2>Informations juridiques<\/h2>\n<p><u>En lien avec la protection des donn\u00e9es<\/u><\/p>\n<p><strong>Ecofisc<\/strong> respecte les normes l\u00e9gales en mati\u00e8re de protection des donn\u00e9es.<\/p>\n<p>A cet effet, nous ne collectons que les donn\u00e9es n\u00e9cessaires \u00e0 mener nos activit\u00e9s notamment en lien avec la gestion de biens immobiliers. Nous ne collectons que les donn\u00e9es qui sont n\u00e9cessaires pour ces finalit\u00e9s et les donn\u00e9es ne sont trait\u00e9es qu\u2019avec un but l\u00e9gitime. La conservation des donn\u00e9es, bas\u00e9e avant tout sur les d\u00e9lais l\u00e9gaux, est adapt\u00e9e \u00e0 nos besoins afin d\u2019offrir des services qui s\u2019inscrivent dans la continuit\u00e9.<\/p>\n<p>La notice d\u2019information est disponible dans nos locaux et sur simple demande.<\/p>\n<p>Pour toutes les questions en lien avec la Protection des donn\u00e9es dans le cadre de nos activit\u00e9s, nous sommes \u00e0 votre enti\u00e8re disposition aux coordonn\u00e9es de contact usuelles et disponibles sur le pr\u00e9sent site.<\/p>\n<p>Le pr\u00e9sent site web peut collecter des donn\u00e9es personnelles dans le cadre d\u2019une prise de contact par ce canal. Par ailleurs, ce site peut utiliser des cookies \u00e0 des fins statistiques et afin de faciliter la navigation, par l\u2019interm\u00e9diaire des solutions usuelles en la mati\u00e8re (par ex. Google Analytics).<\/p>\n<p><u>Responsabilit\u00e9 en lien avec l\u2019utilisation de ce site web et des moyens \u00e9lectroniques<\/u><\/p>\n<p>Bien que nous fassions le maximum d\u2019efforts pour assurer le bien-fond\u00e9 des informations fournies sur le site, <strong>Ecofisc<\/strong> ne peut en garantir l\u2019exactitude. Par ailleurs, toutes les informations communiqu\u00e9es peuvent \u00eatre modifi\u00e9es sans pr\u00e9avis.<br \/>\nTous les liens vers d\u2019autres sites web et\/ou vers des coordonn\u00e9es de tiers sont donn\u00e9es sans aucune garantie de la part d\u2019<strong>Ecofisc.<\/strong><br \/>\nIl est enfin rappel\u00e9 que l\u2019utilisation de moyens \u00e9lectroniques (de la consultation du pr\u00e9sent site web \u00e0 l\u2019envoi et la r\u00e9ception de courriers \u00e9lectroniques) comporte des risques. Ces risques sont notamment (mais pas exclusivement) les suivants :<br \/>\n&#8211; perte de confidentialit\u00e9<br \/>\n&#8211; usurpation d\u2019identit\u00e9<br \/>\n&#8211; cr\u00e9ation de contenus et\/ou de messages comprenant une apparence trompeuse<br \/>\n&#8211; tentative de fraude<\/p>\n<p>Les principes g\u00e9n\u00e9raux de lutte contre la malveillance entourant les moyens \u00e9lectroniques sont communiqu\u00e9s r\u00e9guli\u00e8rement par les Services de la Conf\u00e9d\u00e9ration (comme la plateforme de l\u2019Office F\u00e9d\u00e9ral de la Cybers\u00e9curit\u00e9). Nous vous encourageons \u00e0 vous y r\u00e9f\u00e9rer et \u00e0 porter la plus grande attention et la plus grande vigilance lors de l\u2019utilisation des moyens \u00e9lectroniques.<\/p>\n<p>Pour toute question, <strong>Ecofisc<\/strong> demeure \u00e0 votre enti\u00e8re disposition.<\/p>\n<p>Par t\u00e9l\u00e9phone : 021 320 84 14<br \/>\nPar fax : 021 320 84 28<br \/>\nRue Saint-Pierre 2<br \/>\n1003 Lausanne<br \/>\nSuisse<\/p>\n<\/div><\/section><\/div>\n","protected":false},"excerpt":{"rendered":"","protected":false},"author":1,"featured_media":0,"parent":0,"menu_order":0,"comment_status":"closed","ping_status":"closed","template":"","meta":{"footnotes":""},"_links":{"self":[{"href":"https:\/\/ecofisc.ch\/index.php\/wp-json\/wp\/v2\/pages\/235"}],"collection":[{"href":"https:\/\/ecofisc.ch\/index.php\/wp-json\/wp\/v2\/pages"}],"about":[{"href":"https:\/\/ecofisc.ch\/index.php\/wp-json\/wp\/v2\/types\/page"}],"author":[{"embeddable":true,"href":"https:\/\/ecofisc.ch\/index.php\/wp-json\/wp\/v2\/users\/1"}],"replies":[{"embeddable":true,"href":"https:\/\/ecofisc.ch\/index.php\/wp-json\/wp\/v2\/comments?post=235"}],"version-history":[{"count":2,"href":"https:\/\/ecofisc.ch\/index.php\/wp-json\/wp\/v2\/pages\/235\/revisions"}],"predecessor-version":[{"id":239,"href":"https:\/\/ecofisc.ch\/index.php\/wp-json\/wp\/v2\/pages\/235\/revisions\/239"}],"wp:attachment":[{"href":"https:\/\/ecofisc.ch\/index.php\/wp-json\/wp\/v2\/media?parent=235"}],"curies":[{"name":"wp","href":"https:\/\/api.w.org\/{rel}","templated":true}]}}